nd 696?
116
What is the greatest common factor of 60202 and 31?
31
Calculate the highest common divisor of 150 and 12.
6
What is the highest common divisor of 2747 and 82?
41
What is the highest common factor of 48 and 168?
24
Calculate the highest common divisor of 84 and 3.
3
What is the highest common divisor of 123 and 287?
41
Calculate the highest common factor of 71 and 355.
71
Calculate the highest common factor of 44 and 1496.
44
Calculate the highest common factor of 3444 and 84.
84
What is the greatest common factor of 1725 and 138?
69
Calculate the greatest common factor of 42 and 2758.
14
What is the highest common factor of 1209 and 39?
39
What is the highest common factor of 112 and 832?
16
What is the highest common divisor of 5 and 5545?
5
Calculate the greatest common factor of 713 and 589.
31
What is the highest common factor of 816 and 1200?
48
What is the highest common factor of 671 and 66?
11
Calculate the highest common factor of 518 and 28.
14
Calculate the highest common divisor of 1184 and 111.
37
Calculate the highest common factor of 72 and 1392.
24
Calculate the greatest common divisor of 588 and 336.
84
What is the greatest common factor of 22 and 18634?
22
Calculate the greatest common divisor of 12 and 5844.
12
What is the greatest common factor of 70 and 410?
10
Calculate the greatest common divisor of 56 and 196.
28
Calculate the highest common factor of 602 and 215.
43
Calculate the greatest common divisor of 192 and 16.
16
What is the greatest common factor of 2630 and 160?
10
Calculate the highest common divisor of 27 and 277.
1
What is the greatest common factor of 1452 and 1056?
132
Calculate the greatest common factor of 16 and 2672.
16
Calculate the highest common factor of 957 and 116.
29
What is the highest common divisor of 416 and 11856?
208
What is the highest common divisor of 15 and 3435?
15
Calculate the greatest common divisor of 32 and 65248.
32
Calculate the greatest common divisor of 1819 and 642.
107
Calculate the highest common divisor of 77 and 11.
11
Calculate the highest common factor of 35 and 19705.
35
What is the greatest common factor of 385 and 70?
35
What is the greatest common divisor of 8 and 8536?
8
Calculate the highest common factor of 4 and 6.
2
What is the highest common factor of 774 and 3?
3
Calculate the highest common factor of 22 and 5786.
22
What is the greatest common factor of 485 and 5?
5
Calculate the greatest common factor of 61 and 4392.
61
What is the greatest common factor of 1235 and 285?
95
Calculate the greatest common divisor of 44 and 154.
22
What is the greatest common factor of 144 and 522?
18
Calculate the greatest common divisor of 529 and 759.
23
Calculate the greatest common factor of 62 and 806.
62
What is the greatest common factor of 2 and 74?
2
Calculate the greatest common divisor of 22 and 1881.
11
Calculate the highest common divisor of 10 and 1030.
10
What is the highest common factor of 105 and 375?
15
What is the highest common divisor of 15 and 960?
15
What is the greatest common divisor of 425 and 25?
25
What is the greatest common divisor of 15 and 510?
15
Calculate the greatest common factor of 7136 and 32.
32
Calculate the greatest common factor of 416 and 1118.
26
Calculate the highest common factor of 115 and 391.
23
Calculate the greatest common factor of 261 and 29.
29
Calculate the highest common divisor of 8 and 180.
4
Calculate the highest common divisor of 100 and 280.
20
What is the highest common divisor of 5 and 215?
5
What is the greatest common divisor of 26 and 10?
2
What is the highest common divisor of 2928 and 204?
12
What is the highest common divisor of 2340 and 13000?
260
Calculate the highest common divisor of 54 and 36.
18
Calculate the greatest common divisor of 324 and 72.
36
What is the highest common factor of 486 and 6?
6
What is the highest common divisor of 36 and 3870?
18
Calculate the highest common divisor of 40 and 820.
20
What is the highest common divisor of 80 and 4020?
20
Calculate the greatest common divisor of 430 and 10.
10
Calculate the greatest common factor of 1577 and 76.
19
Calculate the highest common divisor of 24 and 296.
8
Calculate the highest common divisor of 117 and 91.
13
Calculate the highest common factor of 5274 and 36.
18
What is the greatest common divisor of 1792 and 1008?
112
Calculate the greatest common factor of 1350 and 54.
54
Calculate the greatest common factor of 120 and 4020.
60
What is the highest common divisor of 819 and 42?
21
What is the greatest common divisor of 2384 and 32?
16
Calculate the greatest common factor of 25580 and 4.
4
What is the greatest common factor of 23 and 4?
1
Calculate the highest common divisor of 1323 and 42.
21
Calculate the greatest common factor of 120 and 1080.
120
What is the highest common factor of 67 and 3551?
67
Calculate the highest common factor of 35 and 1090.
5
Calculate the highest common divisor of 201 and 67.
67
What is the greatest common factor of 138 and 23?
23
What is the highest common factor of 341 and 31?
31
What is the highest common divisor of 550 and 200?
50
Calculate the highest common divisor of 648 and 144.
72
Calculate the greatest common divisor of 633 and 6.
3
Calculate the highest common factor of 22 and 2354.
22
What is the greatest common divisor of 1631 and 3029?
233
What is the greatest common divisor of 4089 and 282?
141
What is the highest common divisor of 513 and 432?
27
What is the greatest common divisor of 52 and 117?
13
Calculate the greatest common factor of 247 and 169.
13
What is the greatest common divisor of 11575 and 25?
25
Calculate the greatest common factor of 812 and 308.
28
What is the greatest common divisor of 16 and 1264?
16
Calculate the highest common divisor of 203 and 7511.
203
What is the greatest common divisor of 3 and 1783?
1
What is the highest common factor of 67608 and 36?
36
Calculate the greatest common divisor of 312 and 96.
24
Calculate the highest common factor of 67192 and 296.
296
Calculate the highest common divisor of 174 and 986.
58
Calculate the greatest common divisor of 24 and 1608.
24
Calculate the greatest common factor of 61 and 17873.
61
Calculate the greatest common divisor of 516 and 2451.
129
What is the highest common divisor of 40 and 32?
8
What is the highest common factor of 15 and 30585?
15
What is the greatest common factor of 130 and 2?
2
Calculate the highest common factor of 145 and 116.
29
What is the highest common divisor of 1568 and 245?
49
Calculate the highest common divisor of 1712 and 32.
16
Calculate the highest common factor of 144 and 208.
16
What is the greatest common factor of 266 and 126?
14
What is the greatest common divisor of 70 and 4270?
70
What is the greatest common divisor of 14652 and 66?
66
Calculate the greatest common divisor of 3372 and 36.
12
Calculate the highest common divisor of 33 and 65307.
33
Calculate the highest common divisor of 58 and 116.
58
What is the greatest common divisor of 16284 and 23?
23
What is the greatest common divisor of 75 and 3?
3
Calculate the greatest common divisor of 6532 and 69.
23
What is the greatest common factor of 5487 and 279?
93
What is the highest common divisor of 13 and 1339?
13
Calculate the greatest common factor of 588 and 21.
21
Calculate the highest common divisor of 175 and 10.
5
What is the highest common divisor of 28 and 47572?
28
Calculate the highest common divisor of 10 and 965.
5
Calculate the highest common factor of 531 and 59.
59
Calculate the greatest common factor of 27 and 99.
9
Calculate the highest common factor of 147 and 105.
21
What is the highest common divisor of 10 and 1150?
10
Calculate the highest common factor of 2484 and 36.
36
Calculate the greatest common factor of 10 and 25310.
10
What is the highest common factor of 880 and 1496?
88
Calculate the greatest common factor of 1032 and 96.
24
What is the highest common divisor of 75 and 33?
3
What is the highest common factor of 1526 and 1308?
218
Calculate the greatest common factor of 1311 and 171.
57
Calculate the greatest common divisor of 736 and 2369.
23
What is the greatest common divisor of 2754 and 204?
102
Calculate the greatest common divisor of 16380 and 36.
36
Calculate th